List the prime factors of z.
53
Suppose 268 = -q + 3*q. Suppose 5*w = -0*w + 5*a + 180, -4*w + q = -2*a. Suppose 2*m - w - 3 = 0. What are the prime factors of m?
17
Let f(k) = 2*k**2 - k - 5. Let d = -21 - -18. Let q be -10*((-52)/20 - d). What are the prime factors of f(q)?
31
Let o = -592 + 1359. What are the prime factors of o?
13, 59
Let a(h) = 2*h**3 - 41*h**2 + 32*h - 42. What are the prime factors of a(20)?
2, 3, 11
Suppose -2*h + 308 - 10 = 0. Suppose -4*y + 292 = -4*r, 3*r + 0*r = 2*y - h. Suppose 3*o = -6, 4*n + o = 6*n - y. What are the prime factors of n?
2, 17
Suppose -195 = -2*v + 1909. Suppose -5*x + v + 538 = 0. What are the prime factors of x?
2, 3, 53
What are the prime factors of (-15)/(-3) + -3 + 2130?
2, 13, 41
Let o(t) = 2*t**3 + 30*t**2 - 29*t + 30. List the prime factors of o(-15).
3, 5, 31
Suppose 5*h + 25 = 0, 3*h = -5*y + 461 + 2444. Suppose -6*t = -820 - y. What are the prime factors of t?
2, 3, 13
Let y be 3/2*32/(-24). Let b be (45/4)/(y/(-8)). Suppose b + 87 = 4*p. What are the prime factors of p?
3, 11
Let v be 0 + 349 - (-12)/(-6). Suppose 4*y + v = 2*w - y, -w = -4*y - 178. Suppose -2*k + 64 = 2*r, r - w = -4*r - 3*k. What are the prime factors of r?
5, 7
Suppose -4*u + 4*v + 17 = -15, 0 = 3*v + 9. Suppose -5*t + t = -k - 537, k = u*t - 670. What are the prime factors of t?
7, 19
Let c(p) = 14*p**2 - p + 8. List the prime factors of c(4).
2, 3, 19
What are the prime factors of 6/((-12)/(-10)) - (1 + -363)?
367
Suppose -3*m + 5427 - 648 = 0. Suppose 6*h = 15*h - m. What are the prime factors of h?
3, 59
Let q = 90 - 88. Suppose 122 = q*a - a. What are the prime factors of a?
2, 61
What are the prime factors of (14 - -8)*(-54)/(-2)?
2, 3, 11
Suppose -3*v + g = -13, 2*v - 3 + 0 = -5*g. Suppose 2*j + 94 = v*j. What are the prime factors of j?
47
Suppose 4 = -5*s - y, -4*s - 3*y - 12 = -9*s. Suppose 5*m + 2*z - 400 = s, 2*m + 3*m - z - 400 = 0. List the prime factors of m.
2, 5
Let m be ((-10)/(-6))/(3/18). Let a = m - 7. List the prime factors of (2/a)/(16/168).
7
Let x(g) = -53*g**2 + g. Let s be x(-1). What are the prime factors of s/(-12)*(-32)/(-3)?
2, 3
Let f(y) = 8*y**2 + 4*y - 62. What are the prime factors of f(-13)?
2, 619
Suppose 220 = 2*d - d. Suppose y - 5*y = -d. What are the prime factors of (y/(-10))/(1/(-2))?
11
Suppose 5*z - 179 - 433 = -3*q, 0 = -3*q - 2*z + 621. What are the prime factors of q?
11, 19
Let v = 1446 + -866. What are the prime factors of v?
2, 5, 29
Let f(v) be the first derivative of v**5/20 - v**4/2 + v**3/2 + 4*v**2 - 6*v + 1. Let m(i) be the first derivative of f(i). List the prime factors of m(6).
2, 13
List the prime factors of 27*(-11)/33 + 2494.
5, 7, 71
Let u = -45 + 47. Suppose -u*s - 313 = -3*c, 0*c + 5*s = 5*c - 515. List the prime factors of c.
107
Suppose -203*a + 2412 = -201*a. List the prime factors of a.
2, 3, 67
Let m = 9 - 7. Suppose m*q = -4*q + 18. Suppose 3*r - 201 = -q*c, c - 69 = r - 0*r. List the prime factors of c.
2, 17
Let z be 5/30 - (-15)/18 - -4. Suppose -2*p + 165 = -l, p + 23 = z*l + 128. What are the prime factors of p?
2, 5
Let k = 1697 + -855. List the prime factors of k.
2, 421
Let d(b) = 14*b + 25. Let q be d(-5). Let r = q - -74. What are the prime factors of r?
29
Let t(a) = -11*a**3 + 3*a**2 + 18*a + 55. List the prime factors of t(-4).
3, 5, 7
Let g = 24 - 17. Suppose 825 = -2*d + g*d. Suppose -2*w = 3*w - d. List the prime factors of w.
3, 11
Let b(w) = 113*w**2 - 17*w + 17. List the prime factors of b(1).
113
Suppose 4*j - 4*i - 24 = 0, 5*j - 4*i - 12 = 14. Let o be ((j - 1) + 2)/1. Let l(w) = 2*w**3 - w**2 + 4*w + 2. List the prime factors of l(o).
59
Suppose 4*p = -12, 3*j - 2*p + 4*p + 48 = 0. Let z = j - -50. List the prime factors of z.
2, 3
Let a(i) = -47*i - 2. Let u(w) = -w - 1. Let y(h) = a(h) - u(h). Let z be y(-1). Suppose -7*v - z = -12*v. What are the prime factors of v?
3
Let w(h) = h**3 + h**2 - h + 2. Let b be w(0). Let y(x) = 4*x**2 - x**3 - 4*x**2 + 7*x**2 - b*x - 2*x**2. What are the prime factors of y(3)?
2, 3
Let a(b) be the third derivative of -13*b**4/6 + 7*b**3/6 - b**2. List the prime factors of a(-3).
163
Let i(k) = -2*k**2 - 8*k + 2. Let b be i(-4). Let q be 4/b + 0 - 2. Suppose -2*p - 3*p + 65 = q. List the prime factors of p.
13
Suppose -3*n - 18 = 3*t, -4*t - 4 = -n - 0*t. Let p be ((-55)/(-10))/(n/(-888)). List the prime factors of 10/(-25) + p/15.
3
List the prime factors of -3*(-1)/((-36)/(-15528)).
2, 647
Suppose x - 3*j - 907 = 0, -14*x + 3595 = -10*x - j. List the prime factors of x.
2, 449
Suppose -4*p + 8 = 4*m, p - 5*m + 0 = 8. Suppose -q - 8 = 2*d, p*q - 3*d + 2*d - 11 = 0. What are the prime factors of 4*((-4)/(-16) + q)?
3
Suppose -7958 = -4*p - n, -412*p - 3982 = -414*p - 2*n. What are the prime factors of p?
3, 13, 17
Let x(s) = 3*s**3 - s**2 - 4*s + 2. Let w be x(2). What are the prime factors of (w/(-35))/((-2)/180)?
2, 3
Let s = -47 - -49. Suppose -2 - 14 = -s*f. List the prime factors of f.
2
Suppose -u = -6*u + 55. Let o = 16 - u. Suppose 4*v - 71 = -0*v + 3*x, o*x + 85 = 5*v. What are the prime factors of v?
2, 5
Suppose -1306 = -4*z + 2026. What are the prime factors of z?
7, 17
Let c = 838 + 1463. What are the prime factors of c?
3, 13, 59
Suppose -2*o + 4051 = 3*u, 27*u + 8093 = 4*o + 24*u. List the prime factors of o.
2, 11, 23
Suppose -k + 3 = -3*d + 1, -2*d = 5*k - 10. Let x be (d/(2 + 2))/1. Suppose -2*t + 28 = -x*t. List the prime factors of t.
2, 7
Suppose -7*v + 3026 = -2*v + w, -4*w - 2440 = -4*v. Suppose 0 = -3*s + v + 342. List the prime factors of s.
2, 79
Let n = 20 - -33. Suppose 4*a - n = 3*a. List the prime factors of a.
53
Let c be (-1)/4 + 735/60. Suppose c = 5*w - 53. List the prime factors of w.
13
Let l(y) = 5*y**2 + 3*y + 10. Suppose -36*o = -31*o - 250. Let h be 6/36 - o/12. List the prime factors of l(h).
2, 3, 13
Let s(p) = -7*p + 9. Let w be s(7). Let y = 48 + w. Let l(z) = z**3 - 6*z**2 - 9*z + 8. List the prime factors of l(y).
2
Let b(n) = n**2 - 20*n - 91. What are the prime factors of b(-4)?
5
Suppose d + 1241 = 4*r + 4369, -d - 2*r + 3128 = 0. What are the prime factors of d?
2, 17, 23
Let g = -406 - -714. What are the prime factors of g?
2, 7, 11
Suppose -22*l + 2936 = 494. What are the prime factors of l?
3, 37
Let p(y) = -y**3 - 2*y**2 + 3*y + 4. List the prime factors of p(-5).
2
Let k(p) = 14*p**2 + 7*p + 2. Suppose 3*o - 5*n - 6 = 0, n = 2*o + 3*o + 12. List the prime factors of k(o).
107
Let j = 21 + -21. Let v(y) = y**3 - 5*y**2 + 3*y - 8. Let u be v(4). What are the prime factors of (-20)/(-6)*(j - u)?
2, 5
Let d = 265 + -50. List the prime factors of d.
5, 43
Suppose -2*l + 0*p + 38 = 5*p, -5*p = -5*l + 130. Let k = -6 - -8. Suppose k*j = -j + l. List the prime factors of j.
2
Suppose -5*p + 708 + 147 = 0. What are the prime factors of p?
3, 19
Suppose 1545 + 1485 = 5*u. What are the prime factors of u?
2, 3, 101
Let u(d) = 2*d**2 + 6*d + 2. Let y(b) = b**2 + 4*b + 5. Let c be y(-4). What are the prime factors of u(c)?
2, 41
Let i = -129 + 129. Suppose i = -65*a + 64*a + 68. List the prime factors of a.
2, 17
Let h(j) = -4*j - 76. Let c be h(-19). Let d = c - -86. What are the prime factors of d?
2, 43
Let m(b) = -255*b - 666. List the prime factors of m(-10).
2, 3, 157
Let m be -2 - (3 - (-8)/(-4)). Let g be 1/m*(-3 + 90). Let w = -4 - g. List the prime factors of w.
5
Let q(r) = r**3 - r**2 + 2*r + 5. Let n be q(5). Let f be ((-75)/(-9))/5*3. Suppose -19 = f*v - 3*b - n, 0 = -2*v + 4*b + 44. List the prime factors of v.
2, 3
Let c(k) = 36*k**2 + 16*k + 26. List the prime factors of c(-5).
2, 3, 47
Let k(c) = 4*c + 87. List the prime factors of k(33).
3, 73
Suppose -4*p = -7*p + 6. Suppose -46 = -p*i + 70. Suppose 4*l = -18 + i. What are the prime factors of l?
2, 5
Suppose -2520 = -5*m - 5*k, -k = -3*m - 0*k + 1528. Let r = -357 + m. What are the prime factors of r?
151
Let l(t) be the first derivative of 5*t**2/2 + 24*t - 6. Let r(y) = 3*y + 12. Let a(d) = 4*l(d) - 7*r(d). List the prime factors of a(-8).
2, 5
Let r(m) = -m**3 + 5*m**2 - 3*m - 1. Let q be r(4). Suppose -18 = -i - q. Let k = 19 - i. What are the prime factors of k?
2
Let m = -55 + 127. Let v = 1 + m. What are the prime factors of v?
73
Let j be (-3 - -1)/(5/540). Let n = 